{"id":15,"date":"2024-10-18T14:55:51","date_gmt":"2024-10-18T17:55:51","guid":{"rendered":"http:\/\/hyrparabrisasya.cl.portalesdenegocios.cl\/?page_id=15"},"modified":"2024-10-22T11:56:21","modified_gmt":"2024-10-22T14:56:21","slug":"nosotros","status":"publish","type":"page","link":"https:\/\/www.hyrparabrisasya.cl\/index.php\/nosotros\/","title":{"rendered":"Nosotros"},"content":{"rendered":"\n[et_pb_section fb_built=\u00bb1&#8243; theme_builder_area=\u00bbpost_content\u00bb _builder_version=\u00bb4.24.2&#8243; _module_preset=\u00bbdefault\u00bb title_text=\u00bbnosotros\u00bb background_image=\u00bbhttps:\/\/www.hyrparabrisasya.cl\/wp-content\/uploads\/2024\/10\/nosotros.jpg\u00bb hover_enabled=\u00bb0&#8243; sticky_enabled=\u00bb0&#8243; custom_margin=\u00bb0px||||false|false\u00bb custom_padding=\u00bb0px||201px||false|false\u00bb][et_pb_row _builder_version=\u00bb4.24.2&#8243; _module_preset=\u00bbdefault\u00bb theme_builder_area=\u00bbpost_content\u00bb background_color=\u00bb#FFFFFF\u00bb custom_margin=\u00bb0px||0px||false|false\u00bb border_radii=\u00bboff|||42px|42px\u00bb hover_enabled=\u00bb0&#8243; sticky_enabled=\u00bb0&#8243; custom_padding=\u00bb19px||21px||false|false\u00bb][et_pb_column _builder_version=\u00bb4.24.2&#8243; _module_preset=\u00bbdefault\u00bb type=\u00bb4_4&#8243; theme_builder_area=\u00bbpost_content\u00bb][et_pb_text _builder_version=\u00bb4.24.2&#8243; _module_preset=\u00bbdefault\u00bb theme_builder_area=\u00bbpost_content\u00bb header_font=\u00bbOpen Sans|700|||||||\u00bb header_text_align=\u00bbcenter\u00bb hover_enabled=\u00bb0&#8243; sticky_enabled=\u00bb0&#8243; header_text_color=\u00bb#0056b9&#8243; header_line_height=\u00bb1.2em\u00bb]<h1>NOSOTROS<\/h1>[\/et_pb_text][\/et_pb_column][\/et_pb_row][\/et_pb_section][et_pb_section fb_built=\u00bb1&#8243; theme_builder_area=\u00bbpost_content\u00bb _builder_version=\u00bb4.24.2&#8243; _module_preset=\u00bbdefault\u00bb][et_pb_row _builder_version=\u00bb4.24.2&#8243; _module_preset=\u00bbdefault\u00bb column_structure=\u00bb1_2,1_2&#8243; theme_builder_area=\u00bbpost_content\u00bb custom_margin=\u00bb|auto|84px|auto||\u00bb][et_pb_column _builder_version=\u00bb4.24.2&#8243; _module_preset=\u00bbdefault\u00bb type=\u00bb1_2&#8243; theme_builder_area=\u00bbpost_content\u00bb][et_pb_text _builder_version=\u00bb4.24.2&#8243; _module_preset=\u00bbdefault\u00bb theme_builder_area=\u00bbpost_content\u00bb header_2_font=\u00bbOpen Sans|700|||||||\u00bb hover_enabled=\u00bb0&#8243; sticky_enabled=\u00bb0&#8243; header_2_text_color=\u00bb#0056b9&#8243; custom_margin=\u00bb||21px|||\u00bb]<h2>HYR PARABRISAS YA<\/h2>[\/et_pb_text][et_pb_divider _builder_version=\u00bb4.24.2&#8243; _module_preset=\u00bbdefault\u00bb theme_builder_area=\u00bbpost_content\u00bb hover_enabled=\u00bb0&#8243; sticky_enabled=\u00bb0&#8243; color=\u00bb#0056b9&#8243; custom_margin=\u00bb||13px|||\u00bb][\/et_pb_divider][et_pb_text _builder_version=\u00bb4.24.2&#8243; _module_preset=\u00bbdefault\u00bb theme_builder_area=\u00bbpost_content\u00bb text_font=\u00bbOpen Sans||||||||\u00bb text_line_height=\u00bb2.3em\u00bb hover_enabled=\u00bb0&#8243; sticky_enabled=\u00bb0&#8243;]<p>En marzo de 2022, Gustavo Henr\u00edquez, siempre relacionado en el rubro automotriz durante m\u00e1s de 30 a\u00f1os, y Juan Rojas Romero, empresario del rubro automotriz, conversaron como iniciar un nuevo rubro, acordando crear una mini empresa de venta e instalaci\u00f3n de parabrisas, lunetas y aletas laterales.<\/p>[\/et_pb_text][\/et_pb_column][et_pb_column _builder_version=\u00bb4.24.2&#8243; _module_preset=\u00bbdefault\u00bb type=\u00bb1_2&#8243; theme_builder_area=\u00bbpost_content\u00bb][et_pb_image src=\u00bbhttps:\/\/www.hyrparabrisasya.cl\/wp-content\/uploads\/2024\/10\/somos.jpg\u00bb _builder_version=\u00bb4.24.2&#8243; _module_preset=\u00bbdefault\u00bb theme_builder_area=\u00bbpost_content\u00bb title_text=\u00bbsomos\u00bb border_radii=\u00bbon|396px|396px|396px|396px\u00bb width=\u00bb69%\u00bb module_alignment=\u00bbcenter\u00bb hover_enabled=\u00bb0&#8243; sticky_enabled=\u00bb0&#8243; border_width_all=\u00bb6px\u00bb border_color_all=\u00bb#eed306&#8243; border_style_all=\u00bbdashed\u00bb][\/et_pb_image][\/et_pb_column][\/et_pb_row][et_pb_row _builder_version=\u00bb4.24.2&#8243; _module_preset=\u00bbdefault\u00bb column_structure=\u00bb1_3,1_3,1_3&#8243; theme_builder_area=\u00bbpost_content\u00bb hover_enabled=\u00bb0&#8243; sticky_enabled=\u00bb0&#8243;][et_pb_column _builder_version=\u00bb4.24.2&#8243; _module_preset=\u00bbdefault\u00bb type=\u00bb1_3&#8243; theme_builder_area=\u00bbpost_content\u00bb custom_padding=\u00bb|0px||0px|false|true\u00bb hover_enabled=\u00bb0&#8243; sticky_enabled=\u00bb0&#8243;][et_pb_image src=\u00bbhttps:\/\/www.hyrparabrisasya.cl\/wp-content\/uploads\/2024\/10\/Polarizados-y-laminas-de-seguridad.png\u00bb _builder_version=\u00bb4.24.2&#8243; _module_preset=\u00bbdefault\u00bb theme_builder_area=\u00bbpost_content\u00bb title_text=\u00bbPolarizados y l\u00e1minas de seguridad.\u00bb hover_enabled=\u00bb0&#8243; sticky_enabled=\u00bb0&#8243; border_radii=\u00bbon|20px|20px|20px|20px\u00bb][\/et_pb_image][et_pb_text _builder_version=\u00bb4.24.2&#8243; _module_preset=\u00bbdefault\u00bb theme_builder_area=\u00bbpost_content\u00bb header_3_font=\u00bbOpen Sans|700|||||||\u00bb header_3_text_align=\u00bbcenter\u00bb hover_enabled=\u00bb0&#8243; sticky_enabled=\u00bb0&#8243; background_color=\u00bb#FFFFFF\u00bb header_3_text_color=\u00bb#0056b9&#8243; custom_margin=\u00bb-59px|28px||28px|false|true\u00bb custom_padding=\u00bb9px||10px||false|false\u00bb border_radii=\u00bboff|22px|22px||\u00bb]<h3>EQUIPAMIENTO<\/h3>[\/et_pb_text][\/et_pb_column][et_pb_column _builder_version=\u00bb4.24.2&#8243; _module_preset=\u00bbdefault\u00bb type=\u00bb1_3&#8243; theme_builder_area=\u00bbpost_content\u00bb][et_pb_image src=\u00bbhttps:\/\/www.hyrparabrisasya.cl\/wp-content\/uploads\/2024\/10\/CALIDAD.jpg\u00bb _builder_version=\u00bb4.24.2&#8243; _module_preset=\u00bbdefault\u00bb theme_builder_area=\u00bbpost_content\u00bb title_text=\u00bbCALIDAD\u00bb hover_enabled=\u00bb0&#8243; sticky_enabled=\u00bb0&#8243; border_radii=\u00bbon|20px|20px|20px|20px\u00bb][\/et_pb_image][et_pb_text _builder_version=\u00bb4.24.2&#8243; _module_preset=\u00bbdefault\u00bb theme_builder_area=\u00bbpost_content\u00bb header_3_font=\u00bbOpen Sans|700|||||||\u00bb header_3_text_align=\u00bbcenter\u00bb hover_enabled=\u00bb0&#8243; sticky_enabled=\u00bb0&#8243; background_color=\u00bb#FFFFFF\u00bb header_3_text_color=\u00bb#0056b9&#8243; custom_margin=\u00bb-59px|28px||28px|false|true\u00bb custom_padding=\u00bb9px||10px||false|false\u00bb border_radii=\u00bboff|22px|22px||\u00bb text_font=\u00bbOpen Sans|700|||||||\u00bb text_text_color=\u00bb#0056b9&#8243; text_font_size=\u00bb22px\u00bb text_line_height=\u00bb1em\u00bb]<p style=\"text-align: center;\">CALIDAD<\/p>[\/et_pb_text][\/et_pb_column][et_pb_column _builder_version=\u00bb4.24.2&#8243; _module_preset=\u00bbdefault\u00bb type=\u00bb1_3&#8243; theme_builder_area=\u00bbpost_content\u00bb][et_pb_image src=\u00bbhttps:\/\/www.hyrparabrisasya.cl\/wp-content\/uploads\/2024\/10\/experiencia.jpg\u00bb _builder_version=\u00bb4.24.2&#8243; _module_preset=\u00bbdefault\u00bb theme_builder_area=\u00bbpost_content\u00bb title_text=\u00bbexperiencia\u00bb hover_enabled=\u00bb0&#8243; sticky_enabled=\u00bb0&#8243; border_radii=\u00bbon|20px|20px|20px|20px\u00bb][\/et_pb_image][et_pb_text _builder_version=\u00bb4.24.2&#8243; _module_preset=\u00bbdefault\u00bb theme_builder_area=\u00bbpost_content\u00bb header_3_font=\u00bbOpen Sans|700|||||||\u00bb header_3_text_align=\u00bbcenter\u00bb hover_enabled=\u00bb0&#8243; sticky_enabled=\u00bb0&#8243; background_color=\u00bb#FFFFFF\u00bb header_3_text_color=\u00bb#0056b9&#8243; custom_margin=\u00bb-59px|28px||28px|false|true\u00bb custom_padding=\u00bb9px||10px||false|false\u00bb border_radii=\u00bboff|22px|22px||\u00bb text_font=\u00bbOpen Sans|700|||||||\u00bb text_text_color=\u00bb#0056b9&#8243; text_font_size=\u00bb22px\u00bb text_line_height=\u00bb1em\u00bb]<p style=\"text-align: center;\">EXPERIENCIA<\/p>[\/et_pb_text][\/et_pb_column][\/et_pb_row][\/et_pb_section][et_pb_section fb_built=\u00bb1&#8243; theme_builder_area=\u00bbpost_content\u00bb _builder_version=\u00bb4.24.2&#8243; _module_preset=\u00bbdefault\u00bb background_color=\u00bb#0056b9&#8243; title_text=\u00bbFONDO\u00bb background_image=\u00bbhttps:\/\/www.hyrparabrisasya.cl\/wp-content\/uploads\/2024\/10\/FONDO.png\u00bb hover_enabled=\u00bb0&#8243; sticky_enabled=\u00bb0&#8243;][et_pb_row _builder_version=\u00bb4.24.2&#8243; _module_preset=\u00bbdefault\u00bb theme_builder_area=\u00bbpost_content\u00bb][et_pb_column _builder_version=\u00bb4.24.2&#8243; _module_preset=\u00bbdefault\u00bb type=\u00bb4_4&#8243; theme_builder_area=\u00bbpost_content\u00bb][et_pb_text _builder_version=\u00bb4.24.2&#8243; _module_preset=\u00bbdefault\u00bb theme_builder_area=\u00bbpost_content\u00bb text_font=\u00bbOpen Sans||||||||\u00bb text_line_height=\u00bb2.1em\u00bb hover_enabled=\u00bb0&#8243; sticky_enabled=\u00bb0&#8243; text_text_color=\u00bb#eed306&#8243;]<p style=\"text-align: center;\">Es as\u00ed como se iniciaron en el rubro y acordaron colocar el nombre de fantas\u00eda HYR PARABRISAS YA. Posteriormente, se brinda servicio de venta e instalaci\u00f3n de l\u00e1minas de seguridad y venta e instalaci\u00f3n de polarizados certificados.<br \/>Adem\u00e1s, se incluyen servicios a talleres y a domicilios, creaci\u00f3n de vidrios no disponibles en el mercado.<br \/>HYR PARABRISAS YA \u00a1Est\u00e1 siempre al servicio de sus clientes!<\/p>[\/et_pb_text][\/et_pb_column][\/et_pb_row][\/et_pb_section]\n","protected":false},"excerpt":{"rendered":"<p>NOSOTROSHYR PARABRISAS YAEn marzo de 2022, Gustavo Henr\u00edquez, siempre relacionado en el rubro automotriz durante m\u00e1s de 30 a\u00f1os, y Juan Rojas Romero, empresario del rubro automotriz, conversaron como iniciar un nuevo rubro, acordando crear una mini empresa de venta e instalaci\u00f3n de parabrisas, lunetas y aletas laterales.EQUIPAMIENTOCALIDADEXPERIENCIAEs as\u00ed como se iniciaron en el rubro [&hellip;]<\/p>\n","protected":false},"author":1,"featured_media":0,"parent":0,"menu_order":0,"comment_status":"closed","ping_status":"closed","template":"","meta":{"_et_pb_use_builder":"on","_et_pb_old_content":"<!-- wp:divi\/placeholder \/-->","_et_gb_content_width":"","footnotes":""},"class_list":["post-15","page","type-page","status-publish","hentry"],"yoast_head":"<!-- This site is optimized with the Yoast SEO plugin v27.3 - https:\/\/yoast.com\/product\/yoast-seo-wordpress\/ -->\n<title>L\u00e1minas de seguridad para autos en Temuco - PARABRISAS HYR YA<\/title>\n<meta name=\"description\" content=\"Parabrisas Hyr Ya, ofrece venta e instalaci\u00f3n de l\u00e1minas de seguridad y polarizados certificados en Temuco. Protege tu veh\u00edculo ahora con nosotros\" \/>\n<meta name=\"robots\" content=\"index, follow, max-snippet:-1, max-image-preview:large, max-video-preview:-1\" \/>\n<link rel=\"canonical\" href=\"https:\/\/www.hyrparabrisasya.cl\/index.php\/nosotros\/\" \/>\n<meta property=\"og:locale\" content=\"es_ES\" \/>\n<meta property=\"og:type\" content=\"article\" \/>\n<meta property=\"og:title\" content=\"L\u00e1minas de seguridad para autos en Temuco - PARABRISAS HYR YA\" \/>\n<meta property=\"og:description\" content=\"Parabrisas Hyr Ya, ofrece venta e instalaci\u00f3n de l\u00e1minas de seguridad y polarizados certificados en Temuco. Protege tu veh\u00edculo ahora con nosotros\" \/>\n<meta property=\"og:url\" content=\"https:\/\/www.hyrparabrisasya.cl\/index.php\/nosotros\/\" \/>\n<meta property=\"og:site_name\" content=\"hyrparabrisasya.cl\" \/>\n<meta property=\"article:modified_time\" content=\"2024-10-22T14:56:21+00:00\" \/>\n<meta property=\"og:image\" content=\"https:\/\/www.hyrparabrisasya.cl\/wp-content\/uploads\/2024\/10\/Polarizados-y-laminas-de-seguridad.png\" \/>\n\t<meta property=\"og:image:width\" content=\"1890\" \/>\n\t<meta property=\"og:image:height\" content=\"1890\" \/>\n\t<meta property=\"og:image:type\" content=\"image\/png\" \/>\n<meta name=\"twitter:card\" content=\"summary_large_image\" \/>\n<meta name=\"twitter:label1\" content=\"Tiempo de lectura\" \/>\n\t<meta name=\"twitter:data1\" content=\"2 minutos\" \/>\n<script type=\"application\/ld+json\" class=\"yoast-schema-graph\">{\"@context\":\"https:\\\/\\\/schema.org\",\"@graph\":[{\"@type\":\"WebPage\",\"@id\":\"https:\\\/\\\/www.hyrparabrisasya.cl\\\/index.php\\\/nosotros\\\/\",\"url\":\"https:\\\/\\\/www.hyrparabrisasya.cl\\\/index.php\\\/nosotros\\\/\",\"name\":\"L\u00e1minas de seguridad para autos en Temuco - PARABRISAS HYR YA\",\"isPartOf\":{\"@id\":\"https:\\\/\\\/www.hyrparabrisasya.cl\\\/#website\"},\"datePublished\":\"2024-10-18T17:55:51+00:00\",\"dateModified\":\"2024-10-22T14:56:21+00:00\",\"description\":\"Parabrisas Hyr Ya, ofrece venta e instalaci\u00f3n de l\u00e1minas de seguridad y polarizados certificados en Temuco. Protege tu veh\u00edculo ahora con nosotros\",\"breadcrumb\":{\"@id\":\"https:\\\/\\\/www.hyrparabrisasya.cl\\\/index.php\\\/nosotros\\\/#breadcrumb\"},\"inLanguage\":\"es\",\"potentialAction\":[{\"@type\":\"ReadAction\",\"target\":[\"https:\\\/\\\/www.hyrparabrisasya.cl\\\/index.php\\\/nosotros\\\/\"]}]},{\"@type\":\"BreadcrumbList\",\"@id\":\"https:\\\/\\\/www.hyrparabrisasya.cl\\\/index.php\\\/nosotros\\\/#breadcrumb\",\"itemListElement\":[{\"@type\":\"ListItem\",\"position\":1,\"name\":\"Portada\",\"item\":\"https:\\\/\\\/www.hyrparabrisasya.cl\\\/\"},{\"@type\":\"ListItem\",\"position\":2,\"name\":\"Nosotros\"}]},{\"@type\":\"WebSite\",\"@id\":\"https:\\\/\\\/www.hyrparabrisasya.cl\\\/#website\",\"url\":\"https:\\\/\\\/www.hyrparabrisasya.cl\\\/\",\"name\":\"hyrparabrisasya.cl\",\"description\":\"Especialistas en venta e instalaci\u00f3n de parabrisas en Temuco.\",\"publisher\":{\"@id\":\"https:\\\/\\\/www.hyrparabrisasya.cl\\\/#organization\"},\"alternateName\":\"HYR YA\",\"potentialAction\":[{\"@type\":\"SearchAction\",\"target\":{\"@type\":\"EntryPoint\",\"urlTemplate\":\"https:\\\/\\\/www.hyrparabrisasya.cl\\\/?s={search_term_string}\"},\"query-input\":{\"@type\":\"PropertyValueSpecification\",\"valueRequired\":true,\"valueName\":\"search_term_string\"}}],\"inLanguage\":\"es\"},{\"@type\":\"Organization\",\"@id\":\"https:\\\/\\\/www.hyrparabrisasya.cl\\\/#organization\",\"name\":\"hyrparabrisasya.cl\",\"alternateName\":\"HYR YA\",\"url\":\"https:\\\/\\\/www.hyrparabrisasya.cl\\\/\",\"logo\":{\"@type\":\"ImageObject\",\"inLanguage\":\"es\",\"@id\":\"https:\\\/\\\/www.hyrparabrisasya.cl\\\/#\\\/schema\\\/logo\\\/image\\\/\",\"url\":\"https:\\\/\\\/www.hyrparabrisasya.cl\\\/wp-content\\\/uploads\\\/2024\\\/10\\\/logotipo.png\",\"contentUrl\":\"https:\\\/\\\/www.hyrparabrisasya.cl\\\/wp-content\\\/uploads\\\/2024\\\/10\\\/logotipo.png\",\"width\":350,\"height\":176,\"caption\":\"hyrparabrisasya.cl\"},\"image\":{\"@id\":\"https:\\\/\\\/www.hyrparabrisasya.cl\\\/#\\\/schema\\\/logo\\\/image\\\/\"}}]}<\/script>\n<!-- \/ Yoast SEO plugin. -->","yoast_head_json":{"title":"L\u00e1minas de seguridad para autos en Temuco - PARABRISAS HYR YA","description":"Parabrisas Hyr Ya, ofrece venta e instalaci\u00f3n de l\u00e1minas de seguridad y polarizados certificados en Temuco. Protege tu veh\u00edculo ahora con nosotros","robots":{"index":"index","follow":"follow","max-snippet":"max-snippet:-1","max-image-preview":"max-image-preview:large","max-video-preview":"max-video-preview:-1"},"canonical":"https:\/\/www.hyrparabrisasya.cl\/index.php\/nosotros\/","og_locale":"es_ES","og_type":"article","og_title":"L\u00e1minas de seguridad para autos en Temuco - PARABRISAS HYR YA","og_description":"Parabrisas Hyr Ya, ofrece venta e instalaci\u00f3n de l\u00e1minas de seguridad y polarizados certificados en Temuco. Protege tu veh\u00edculo ahora con nosotros","og_url":"https:\/\/www.hyrparabrisasya.cl\/index.php\/nosotros\/","og_site_name":"hyrparabrisasya.cl","article_modified_time":"2024-10-22T14:56:21+00:00","og_image":[{"width":1890,"height":1890,"url":"https:\/\/www.hyrparabrisasya.cl\/wp-content\/uploads\/2024\/10\/Polarizados-y-laminas-de-seguridad.png","type":"image\/png"}],"twitter_card":"summary_large_image","twitter_misc":{"Tiempo de lectura":"2 minutos"},"schema":{"@context":"https:\/\/schema.org","@graph":[{"@type":"WebPage","@id":"https:\/\/www.hyrparabrisasya.cl\/index.php\/nosotros\/","url":"https:\/\/www.hyrparabrisasya.cl\/index.php\/nosotros\/","name":"L\u00e1minas de seguridad para autos en Temuco - PARABRISAS HYR YA","isPartOf":{"@id":"https:\/\/www.hyrparabrisasya.cl\/#website"},"datePublished":"2024-10-18T17:55:51+00:00","dateModified":"2024-10-22T14:56:21+00:00","description":"Parabrisas Hyr Ya, ofrece venta e instalaci\u00f3n de l\u00e1minas de seguridad y polarizados certificados en Temuco. Protege tu veh\u00edculo ahora con nosotros","breadcrumb":{"@id":"https:\/\/www.hyrparabrisasya.cl\/index.php\/nosotros\/#breadcrumb"},"inLanguage":"es","potentialAction":[{"@type":"ReadAction","target":["https:\/\/www.hyrparabrisasya.cl\/index.php\/nosotros\/"]}]},{"@type":"BreadcrumbList","@id":"https:\/\/www.hyrparabrisasya.cl\/index.php\/nosotros\/#breadcrumb","itemListElement":[{"@type":"ListItem","position":1,"name":"Portada","item":"https:\/\/www.hyrparabrisasya.cl\/"},{"@type":"ListItem","position":2,"name":"Nosotros"}]},{"@type":"WebSite","@id":"https:\/\/www.hyrparabrisasya.cl\/#website","url":"https:\/\/www.hyrparabrisasya.cl\/","name":"hyrparabrisasya.cl","description":"Especialistas en venta e instalaci\u00f3n de parabrisas en Temuco.","publisher":{"@id":"https:\/\/www.hyrparabrisasya.cl\/#organization"},"alternateName":"HYR YA","potentialAction":[{"@type":"SearchAction","target":{"@type":"EntryPoint","urlTemplate":"https:\/\/www.hyrparabrisasya.cl\/?s={search_term_string}"},"query-input":{"@type":"PropertyValueSpecification","valueRequired":true,"valueName":"search_term_string"}}],"inLanguage":"es"},{"@type":"Organization","@id":"https:\/\/www.hyrparabrisasya.cl\/#organization","name":"hyrparabrisasya.cl","alternateName":"HYR YA","url":"https:\/\/www.hyrparabrisasya.cl\/","logo":{"@type":"ImageObject","inLanguage":"es","@id":"https:\/\/www.hyrparabrisasya.cl\/#\/schema\/logo\/image\/","url":"https:\/\/www.hyrparabrisasya.cl\/wp-content\/uploads\/2024\/10\/logotipo.png","contentUrl":"https:\/\/www.hyrparabrisasya.cl\/wp-content\/uploads\/2024\/10\/logotipo.png","width":350,"height":176,"caption":"hyrparabrisasya.cl"},"image":{"@id":"https:\/\/www.hyrparabrisasya.cl\/#\/schema\/logo\/image\/"}}]}},"_links":{"self":[{"href":"https:\/\/www.hyrparabrisasya.cl\/index.php\/wp-json\/wp\/v2\/pages\/15","targetHints":{"allow":["GET"]}}],"collection":[{"href":"https:\/\/www.hyrparabrisasya.cl\/index.php\/wp-json\/wp\/v2\/pages"}],"about":[{"href":"https:\/\/www.hyrparabrisasya.cl\/index.php\/wp-json\/wp\/v2\/types\/page"}],"author":[{"embeddable":true,"href":"https:\/\/www.hyrparabrisasya.cl\/index.php\/wp-json\/wp\/v2\/users\/1"}],"replies":[{"embeddable":true,"href":"https:\/\/www.hyrparabrisasya.cl\/index.php\/wp-json\/wp\/v2\/comments?post=15"}],"version-history":[{"count":5,"href":"https:\/\/www.hyrparabrisasya.cl\/index.php\/wp-json\/wp\/v2\/pages\/15\/revisions"}],"predecessor-version":[{"id":144,"href":"https:\/\/www.hyrparabrisasya.cl\/index.php\/wp-json\/wp\/v2\/pages\/15\/revisions\/144"}],"wp:attachment":[{"href":"https:\/\/www.hyrparabrisasya.cl\/index.php\/wp-json\/wp\/v2\/media?parent=15"}],"curies":[{"name":"wp","href":"https:\/\/api.w.org\/{rel}","templated":true}]}}